 is -7658 (base 10) in base 8?
-16752
What is 34921 (base 11) in base 8?
142267
What is -1239 (base 11) in base 10?
-1615
-979 (base 12) to base 13
-82b
Convert 143311 (base 5) to base 15.
1c06
What is -10000101101101 (base 2) in base 9?
-12657
-20721 (base 8) to base 12
-5015
1142400 (base 5) to base 4
11101200
-247 (base 12) to base 9
-421
-69 (base 15) to base 16
-63
Convert 1532 (base 8) to base 12.
5b6
222110100 (base 3) to base 5
1104122
Convert -1757 (base 11) to base 9.
-3058
Convert -7384 (base 9) to base 3.
-21102211
What is 15906 (base 11) in base 16?
5777
-16636 (base 8) to base 2
-1110110011110
-12101 (base 5) to base 10
-901
20302 (base 7) to base 14
1b39
-1314311 (base 5) to base 10
-26206
What is 11010000 (base 3) in base 8?
5665
-11141 (base 5) to base 12
-564
Convert -143 (base 16) to base 8.
-503
220100 (base 3) to base 4
22101
What is 14440 (base 5) in base 11?
a32
101111001101111 (base 2) to base 14
8b4b
1801 (base 10) to base 14
929
What is 1010011110 (base 2) in base 9?
824
What is 4a2 (base 13) in base 4?
30220
What is 10432 (base 5) in base 12?
51a
Convert -14e (base 15) to base 5.
-2144
What is -4888 (base 9) in base 6?
-24512
What is ca2d (base 15) in base 11?
2a173
Convert 123 (base 11) to base 8.
222
-1723 (base 8) to base 15
-454
What is 6364 (base 11) in base 2?
10000011100011
-4133 (base 5) to base 11
-454
What is -202 (base 4) in base 8?
-42
-142 (base 11) to base 9
-205
-110101110101101 (base 2) to base 12
-13b51
-4456 (base 7) to base 5
-22414
What is -7202 (base 10) in base 13?
-3380
Convert 9a9 (base 11) to base 15.
558
Convert -1171 (base 11) to base 9.
-2080
1001012220 (base 3) to base 7
113655
130205 (base 6) to base 13
5462
30 (base 7) to base 13
18
What is -2022223 (base 4) in base 10?
-8875
-667 (base 9) to base 6
-2311
108 (base 10) to base 8
154
2444 (base 6) to base 7
1522
-824 (base 11) to base 9
-1324
What is -2568 (base 16) in base 9?
-14120
Convert a605 (base 14) to base 3.
1110021001
Convert -32a (base 16) to base 15.
-390
Convert -e5d (base 15) to base 3.
-11102221
1226 (base 10) to base 12
862
What is 7066 (base 8) in base 4?
320312
Convert 10c4 (base 16) to base 12.
2598
Convert 201 (base 10) to base 8.
311
What is -4434 (base 11) in base 12?
-3471
Convert 8448 (base 14) to base 13.
a4bb
What is -223211 (base 4) in base 13?
-1367
Convert 111110011 (base 2) to base 13.
2c5
1000101000110 (base 2) to base 6
32250
What is 41830 (base 10) in base 14?
1135c
-6211 (base 7) to base 12
-1304
-208 (base 11) to base 5
-2000
What is -120220 (base 5) in base 4?
-1011103
What is -10011 (base 7) in base 5?
-34114
405 (base 14) to base 6
3353
51 (base 9) to base 13
37
Convert b45 (base 14) to base 12.
1349
-10000001101001 (base 2) to base 4
-2001221
What is -20153 (base 6) in base 8?
-5145
Convert 22135 (base 7) to base 16.
15bb
Convert 148 (base 10) to base 7.
301
What is -8a2 (base 14) in base 2?
-11010101110
-122200012 (base 3) to base 7
-52364
-43411 (base 7) to base 8
-25125
What is -aa54 (base 15) in base 10?
-36079
Convert -334 (base 7) to base 15.
-b7
Convert -20744 (base 8) to base 7.
-34203
What is -2141 (base 5) in base 10?
-296
What is 2bb5a (base 12) in base 13?
22387
Convert -104543 (base 6) to base 15.
-294c
-1651 (base 13) to base 2
-110011001101
20634 (base 8) to base 16
219c
780 (base 11) to base 8
1647
What is 684 (base 9) in base 13?
343
Convert -3024 (base 9) to base 16.
-8a1
394 (base 14) to base 9
877
996 (base 13) to base 3
2020220
What is -245112 (base 7) in base 3?
-2021201100
10000010110101 (base 2) to base 6
102433
What is 4452 (base 6) in base 2?
10000010000
-374 (base 13) to base 14
-310
Convert 1110001011100 (base 2) to base 14.
2908
Convert 20262 (base 7) to base 11.
3795
-103210 (base 4) to base 8
-2344
What is 1088 (base 15) in base 8?
6657
32011 (base 4) to base 12
631
-1120 (base 3) to base 13
-33
15242 (base 6) to base 14
c8a
What is 6096 (base 10) in base 15?
1c16
Convert -411 (base 9) to base 10.
-334
Convert 361 (base 9) to base 10.
298
What is b99c (base 13) in base 2?
110010011011001
What is -13344 (base 5) in base 7?
-3130
-9394 (base 13) to base 15
-60a1
Convert -10301311 (base 4) to base 15.
-5bed
-3200 (base 16) to base 6
-135132
Convert -104 (base 13) to base 6.
-445
What is -101100101010 (base 2) in base 10?
-2858
Convert -35433 (base 6) to base 2.
-1010000001101
-306 (base 16) to base 12
-546
20020102 (base 3) to base 16
11c3
Convert 7641 (base 13) to base 10.
16446
22112111 (base 3) to base 2
1100001001111
What is -533 (base 11) in base 5?
-10031
-a52 (base 13) to base 15
-7c2
Convert 212303 (base 4) to base 7.
10145
Convert -43440 (base 5) to base 16.
-bb3
What is 13447 (base 10) in base 14?
4c87
What is 12a8 (base 13) in base 12?
1669
Convert 350 (base 8) to base 13.
14b
What is 530 (base 12) in base 2?
1011110100
43576 (base 10) to base 13
16ab0
What is 222001 (base 3) in base 9?
861
36425 (base 7) to base 6
111512
Convert 2ad (base 14) to base 15.
265
What is 2829a (base 13) in base 12?
375b7
What is 110010100100110 (base 2) in base 4?
12110212
What is -4430 (base 5) in base 15?
-2b0
-3852 (base 13) to base 16
-1f4a
-3172 (base 9) to base 3
-10012102
What is -239 (base 14) in base 5?
-3233
Convert 10130 (base 5) to base 6.
3025
-959 (base 10) to base 11
-7a2
What is 622 (base 15) in base 9?
1805
Convert 9b1 (base 16) to base 8.
4661
30346 (base 7) to base 15
22c4
What is 30300002 (base 4) in base 2?
1100110000000010
-a80 (base 12) to base 11
-1177
Convert 355 (base 10) to base 6.
1351
-5061 (base 11) to base 3
-100012222
5399 (base 11) to base 8
15726
-1352 (base 9) to base 16
-3fb
1245 (base 6) to base 15
162
Convert -4131 (base 10) to base 13.
-1b5a
Convert -11615 (base 13) to base 12.
-16492
What is -100202002 (base 3) in base 2?
-1101110111111
Convert 6776 (base 8) to base 5.
103312
-433 (base 8) to base 6
-1151
Convert 1cd (base 16) to base 14.
24d
Convert -1048 (base 9) to base 4.
-30011
What is -13304 (base 6) in base 5?
-31211
Convert 112401 (base 5) to base 12.
2459
435 (base 16) to base 15
4bc
-c952 (base 14) to base 9
-52616
-8a6 (base 13) to base 8
-2720
12111101 (base 3) to base 16
fa6
Convert -33103130 (base 4) to base 5.
-4001214
What is -26 (base 10) in base 8?
-32
231231 (base 7) to base 11
29018
What is 4244 (base 7) in base 9?
2048
-1010001100100000 (base 2) to base 3
-2010021200
Convert -2230 (base 9) to base 8.
-3157
-cac (base 14) to base 8
-4710
What is -1020212 (base 3) in base 8?
-1622
Convert -3711 (base 11) to base 3.
-20122201
What is 4568 (base 10) in base 12?
2788
-1299 (base 12) to base 6
-13513
What is -3038 (base 9) in base 4?
-202232
86562 (base 9) to base 5
3313243
9299 (base 14) to base 8
61207
-47311 (base 9) to base 4
-13231300
Convert -7866 (base 9) to base 5.
-141221
What is -115b (base 15) in base 16?
-e66
Convert 2575 (base 15) to base 13.
3833
Convert -3515 (base 7) to base 10.
-1286
What is 1020 (base 11) in base 5?
20403
Convert 2111112 (base 3) to base 12.
107b
Convert -1011100111111 (base 2) to base 3.
-22011102
What is 120111220 (base 3) in base 8?
26056
What is -101404 (base 6) in base 8?
-17714
What is 5038 (base 10) in base 6?
35154
What is -16211 (base 9) in base 12?
-6517
What is 2210030 (base 4) in base 8?
24414
-8186 (base 15) to base 3
-1101112000
6618 (base 9) to base 3
20200122
-270a8 (base 11) to base 4
-21130331
49b (base 14) to base 12
649
Convert -1a0 (base 16) to base 13.
-260
Convert -46c4 (base 16) to base 12.
-a598
-12768 (base 9) to base 8
-20710
372 (base 9) to base 11
260
-56 (base 16) to base 13
-68
What is 111110011 (base 2) in base 4?
13303
What is 2723 (base 10) in base 5?
41343
Convert 1000122 (base 3) to base 5.
10441
Convert 878 (base 10) to base 2.
1101101110
Convert -21b9 (base 14) to base 2.
-1011011010111
Convert -2550 (base 6) to base 16.
-282
What is -10000000101 (base 2) in base 13?
-612
851b (base 13) to base 4
10200031
27300 (base 8) to base 3
121102021
Convert -2570 (base 9) to base 11.
-14a1
231356 (base 7) to base 6
515232
Convert -43350 (base 6) to base 14.
-2266
Convert 1023200 (base 4) to base 7.
20042
-111200201 (base 3) to base 10
-9982
What is 111000100 (base 2) in base 14?
244
What is -222 (base 16) in base 11?
-457
What is 3454 (base 8) in base 2?
111001